04
What is the greatest common divisor of 97640 and 120?
40
What is the highest common divisor of 183957 and 153?
51
What is the greatest common factor of 298881 and 77?
11
What is the highest common factor of 2184 and 910104?
312
Calculate the highest common divisor of 836910 and 5.
5
What is the greatest common divisor of 44 and 44484?
44
Calculate the greatest common divisor of 897 and 63986.
299
Calculate the greatest common factor of 843661 and 3556.
889
Calculate the greatest common divisor of 57069 and 2611.
373
What is the greatest common divisor of 8 and 3283?
1
Calculate the highest common divisor of 540 and 198270.
90
What is the highest common divisor of 164 and 2044?
4
What is the highest common divisor of 7035 and 105?
105
Calculate the highest common factor of 3280 and 1558.
82
Calculate the highest common divisor of 6600 and 616.
88
What is the greatest common factor of 1 and 320685?
1
Calculate the greatest common divisor of 3705 and 130.
65
Calculate the greatest common factor of 16 and 1753904.
16
What is the greatest common divisor of 1066 and 246?
82
Calculate the highest common factor of 6139 and 714.
7
What is the greatest common factor of 575 and 5773?
23
Calculate the highest common divisor of 4960 and 2020.
20
What is the highest common factor of 49 and 14721658?
49
Calculate the highest common factor of 2703 and 6.
3
What is the greatest common factor of 5 and 607015?
5
Calculate the highest common factor of 67455 and 12.
3
What is the greatest common divisor of 38391 and 603?
201
Calculate the highest common factor of 1524 and 177.
3
What is the greatest common factor of 8070 and 330?
30
What is the highest common factor of 105 and 276510?
15
Calculate the highest common divisor of 3339830 and 115.
115
What is the highest common divisor of 598 and 5509673?
299
Calculate the greatest common factor of 18210 and 70.
10
Calculate the greatest common divisor of 234332 and 140.
28
What is the highest common factor of 80 and 27160?
40
What is the highest common divisor of 29070 and 20?
10
What is the highest common divisor of 81250 and 130?
130
What is the highest common factor of 3420 and 352080?
180
Calculate the highest common divisor of 1715 and 4655.
245
What is the greatest common factor of 825 and 1900?
25
What is the highest common divisor of 1 and 178571?
1
What is the greatest common factor of 286087 and 219?
73
Calculate the greatest common divisor of 75953 and 4527.
503
Calculate the highest common divisor of 251432 and 848.
424
Calculate the greatest common factor of 34 and 19022.
2
What is the highest common factor of 2616 and 12096?
24
What is the highest common factor of 315 and 147861?
63
Calculate the highest common divisor of 157 and 527363.
157
What is the highest common divisor of 8834 and 63?
7
What is the greatest common factor of 12131 and 63?
7
Calculate the greatest common factor of 1729 and 7371.
91
Calculate the highest common divisor of 207 and 2085.
3
Calculate the highest common divisor of 829728 and 288.
288
Calculate the greatest common divisor of 335 and 10.
5
Calculate the highest common factor of 309 and 720.
3
What is the highest common divisor of 181 and 920747?
181
What is the highest common divisor of 36 and 44694?
18
What is the greatest common factor of 5805 and 28935?
45
What is the greatest common divisor of 18 and 51882?
6
Calculate the highest common factor of 112 and 1275856.
16
What is the highest common factor of 265 and 31535?
265
Calculate the greatest common factor of 8000 and 960.
320
What is the highest common factor of 1969175 and 650?
325
What is the greatest common factor of 100 and 500?
100
Calculate the greatest common factor of 4167632 and 1172.
1172
What is the highest common divisor of 160792 and 4848?
808
What is the highest common divisor of 60 and 88410?
30
Calculate the highest common factor of 165 and 315645.
165
Calculate the highest common divisor of 200 and 4480.
40
What is the greatest common factor of 636942 and 1743?
249
Calculate the highest common divisor of 4 and 214862.
2
What is the greatest common divisor of 1068 and 69852?
12
Calculate the highest common divisor of 71 and 529.
1
Calculate the highest common factor of 12 and 45282.
6
What is the greatest common divisor of 1860 and 7068?
372
What is the greatest common divisor of 1370421 and 51?
51
What is the greatest common factor of 286 and 494?
26
What is the highest common divisor of 1833807 and 1353?
123
Calculate the greatest common divisor of 816 and 9136.
16
Calculate the greatest common divisor of 8240 and 5770.
10
What is the highest common divisor of 6266597 and 811?
811
Calculate the highest common divisor of 171 and 274398.
57
What is the greatest common divisor of 3162075 and 25?
25
What is the highest common factor of 1 and 64231?
1
What is the greatest common divisor of 55 and 1345795?
55
Calculate the highest common factor of 100802 and 1612.
26
What is the highest common factor of 3700 and 400?
100
What is the highest common factor of 227976 and 280?
56
Calculate the highest common divisor of 49720 and 8360.
440
Calculate the greatest common divisor of 616 and 113212.
44
Calculate the greatest common factor of 212 and 148082.
106
What is the highest common divisor of 1136 and 752?
16
What is the greatest common divisor of 693 and 100353?
33
What is the highest common factor of 135 and 554391?
27
Calculate the highest common factor of 2319 and 645.
3
What is the highest common divisor of 679 and 108349?
97
Calculate the highest common factor of 8 and 2104.
8
Calculate the greatest common divisor of 1955 and 2019124.
391
Calculate the highest common divisor of 4712 and 11191.
589
What is the highest common divisor of 42840 and 560?
280
Calculate the greatest common divisor of 287 and 62812.
41
What is the greatest common divisor of 3059 and 401527?
133
What is the greatest common divisor of 2993 and 7008?
73
What is the highest common divisor of 723675 and 675?
75
Calculate the greatest common divisor of 262846 and 19.
19
What is the greatest common divisor of 1431 and 123?
3
What is the greatest common factor of 6804 and 195534?
162
What is the greatest common factor of 378159 and 699?
699
Calculate the highest common divisor of 1516 and 568.
4
Calculate the greatest common factor of 132 and 78738.
66
What is the greatest common divisor of 420587 and 29?
29
Calculate the highest common factor of 80837 and 706.
353
Calculate the highest common divisor of 26619 and 24.
3
Calculate the greatest common divisor of 598 and 50324.
46
Calculate the highest common factor of 2584 and 4.
4
Calculate the greatest common divisor of 30112 and 176.
16
Calculate the greatest common factor of 1033087 and 57.
19
What is the highest common factor of 11032 and 952?
56
What is the greatest common divisor of 16575 and 65?
65
What is the greatest common factor of 365 and 3865350?
365
Calculate the greatest common factor of 35 and 317884.
7
Calculate the highest common divisor of 5362 and 2814.
14
Calculate the greatest common factor of 268345 and 861.
287
What is the greatest common factor of 273 and 89934?
39
What is the greatest common factor of 15975 and 276687?
639
Calculate the highest common divisor of 11632 and 208.
16
What is the highest common divisor of 6235 and 117175?
215
Calculate the greatest common divisor of 8217 and 135041.
83
What is the greatest common factor of 9559 and 968?
121
What is the highest common factor of 17112 and 13524?
276
What is the greatest common factor of 366327 and 36?
9
What is the highest common factor of 108376 and 228?
76
What is the greatest common divisor of 729 and 1471122?
729
What is the greatest common factor of 45108 and 420?
84
What is the greatest common factor of 656 and 6724?
164
Calculate the highest common divisor of 3596 and 1148023.
899
Calculate the greatest common factor of 1188 and 758868.
132
Calculate the highest common factor of 39 and 198939.
39
Calculate the highest common divisor of 954 and 22101.
159
What is the highest common factor of 136430 and 315?
35
Calculate the highest common factor of 24670 and 320.
10
Calculate the greatest common divisor of 17035 and 15.
5
Calculate the greatest common factor of 2025 and 448425.
225
Wh